{"id":135,"date":"2025-07-30T14:52:45","date_gmt":"2025-07-30T12:52:45","guid":{"rendered":"https:\/\/www.murlasits.co.at\/www\/?page_id=135"},"modified":"2025-08-09T17:51:22","modified_gmt":"2025-08-09T15:51:22","slug":"putzerei","status":"publish","type":"page","link":"https:\/\/www.murlasits.co.at\/www\/putzerei\/","title":{"rendered":"Putzerei"},"content":{"rendered":"\n<h2>\n\t\t\tIhr Lieblingskleid, Hochzeitskleid, Hose, Rock, Sakko, Blazer, Pullover und vieles andere&#8230;\t<\/h2>\n<h3>\n\t\t\t&#8230;Murlasits reinigt und pflegt Ihre Bekleidung professionell\t<\/h3>\n\t\t\t\t<img decoding=\"async\" src=\"https:\/\/www.murlasits.co.at\/www\/wp-content\/uploads\/2025\/07\/Putzerei-1.-Bild.png\" alt=\"Putzerei\" itemprop=\"image\" height=\"660\" width=\"1920\" title=\"Putzerei 1. Bild\" onerror=\"this.style.display='none'\" loading=\"lazy\" \/>\n\t\t\t\t<img decoding=\"async\" src=\"https:\/\/www.murlasits.co.at\/www\/wp-content\/uploads\/2025\/07\/Putzerei-2.-Bild-Hochzeit.png\" alt=\"Putzerei - Hochzeitskleid \/ Ballkleid\" itemprop=\"image\" height=\"1045\" width=\"1280\" title=\"Putzerei 2. Bild Hochzeit\" onerror=\"this.style.display='none'\" loading=\"lazy\" \/>\n<h2>\n\t\t\tGl\u00e4nzende Kleidung braucht perfekte Pflege\t<\/h2>\n\t<h3>Hochzeitskleider je nach Aufwand ab \u20ac 98,00<br \/>\nBallkleider je nach Aufwand ab \u20ac 44,00<\/h3>\n<h2>\n\t\t\tProfessionelle Reinigung &#038; \u00c4nderung Ihrer Trachtenmode\t<\/h2>\n<h3>\n\t\t\t&#8230;Murlasits reinigt und pflegt Ihre Bekleidung professionell.\t<\/h3>\n\t\t\t\t<img decoding=\"async\" src=\"https:\/\/www.murlasits.co.at\/www\/wp-content\/uploads\/2025\/07\/Putzerei-3.-Bild-Trachten.png\" alt=\"Putzerei - Trachten\" itemprop=\"image\" height=\"1175\" width=\"1440\" title=\"Putzerei 3. Bild Trachten\" onerror=\"this.style.display='none'\" loading=\"lazy\" \/>\n\t\t\t\t<img decoding=\"async\" src=\"https:\/\/www.murlasits.co.at\/www\/wp-content\/uploads\/2025\/07\/Putzerei-4.-Bild-Outdoor.png\" alt=\"Putzerei - Outdoorbekleidung &amp; Schibekleidung\" itemprop=\"image\" height=\"1306\" width=\"1600\" title=\"Putzerei 4. Bild Outdoor\" onerror=\"this.style.display='none'\" loading=\"lazy\" \/>\n<h2>\n\t\t\tOutdoorbekleidung \/ Schibekleidung\t<\/h2>\n\t<h3>Empfehlenswert mit Impr\u00e4gnierung<br \/>\nsch\u00fctzt vor N\u00e4sse und Flecken f\u00fcr nur \u20ac 8,- Aufpreis.<\/h3>\n<h2>\n\t\t\tPremium Fleckenschutz\t<\/h2>\n\t<h3>Versch\u00fcttete Getr\u00e4nke perlen einfach ab und k\u00f6nnen einfach und r\u00fcckstandslos mit einem saugstarken Tuch aufgenommen werden!<br \/>\n\u20ac 8,- pro St\u00fcck.<\/h3>\n\t\t\t\t<img decoding=\"async\" src=\"https:\/\/www.murlasits.co.at\/www\/wp-content\/uploads\/2025\/07\/Putzerei-5.-Bild-Fleckenschutz.png\" alt=\"Putzerei - Fleckenschutz\" itemprop=\"image\" height=\"2560\" width=\"1707\" title=\"Putzerei 5. Bild Fleckenschutz\" onerror=\"this.style.display='none'\" loading=\"lazy\" \/>\n\t\t\t<h3> Hose ab \u20ac 14,-<\/h3>\t\t\n\t\t\t<h3> Rock ab \u20ac 14,-<\/h3>\t\t\n\t\t\t<h3> Sakko ab \u20ac 16,-<\/h3>\t\t\n\t\t\t<h3> Blazer ab \u20ac 16,-<\/h3>\t\t\n\t\t\t<h3> Dirndl ab \u20ac 22,-<\/h3>\t\t\n\t\t\t<h3> Pullover ab \u20ac 12,-<\/h3>\t\t\n\t<p>Alle anderen Preise teilen wir Ihnen gerne auf pers\u00f6nlicher oder telefonischer Anfrage mit!<\/p>\n<h2>\n\t\t\tHaben Sie Fragen?\t<\/h2>\n<h3>\n\t\t\tGerne beraten wir Sie kostenlos &#038; unverbindlich\t<\/h3>\n\t\t\t<a href=\"https:\/\/www.murlasits.co.at\/www\/kontakt\/\" target=\"_self\">\n\t\t\t\t\t\tJetzt Anfragen\n\t\t\t\t\t<\/a>\n\n","protected":false},"excerpt":{"rendered":"<p>Ihr Lieblingskleid, Hochzeitskleid, Hose, Rock, Sakko, Blazer, Pullover und vieles andere&#8230; &#8230;Murlasits reinigt und pflegt Ihre Bekleidung professionell Gl\u00e4nzende Kleidung braucht perfekte Pflege Hochzeitskleider je nach Aufwand ab \u20ac 98,00 Ballkleider je nach Aufwand ab \u20ac 44,00 Professionelle Reinigung &#038; \u00c4nderung Ihrer Trachtenmode &#8230;Murlasits reinigt und pflegt Ihre Bekleidung professionell. Outdoorbekleidung \/ Schibekleidung Empfehlenswert mit&hellip;<\/p>\n","protected":false},"author":2,"featured_media":0,"parent":0,"menu_order":0,"comment_status":"closed","ping_status":"closed","template":"","meta":{"footnotes":""},"class_list":["post-135","page","type-page","status-publish","hentry"],"_links":{"self":[{"href":"https:\/\/www.murlasits.co.at\/www\/wp-json\/wp\/v2\/pages\/135","targetHints":{"allow":["GET"]}}],"collection":[{"href":"https:\/\/www.murlasits.co.at\/www\/wp-json\/wp\/v2\/pages"}],"about":[{"href":"https:\/\/www.murlasits.co.at\/www\/wp-json\/wp\/v2\/types\/page"}],"author":[{"embeddable":true,"href":"https:\/\/www.murlasits.co.at\/www\/wp-json\/wp\/v2\/users\/2"}],"replies":[{"embeddable":true,"href":"https:\/\/www.murlasits.co.at\/www\/wp-json\/wp\/v2\/comments?post=135"}],"version-history":[{"count":10,"href":"https:\/\/www.murlasits.co.at\/www\/wp-json\/wp\/v2\/pages\/135\/revisions"}],"predecessor-version":[{"id":388,"href":"https:\/\/www.murlasits.co.at\/www\/wp-json\/wp\/v2\/pages\/135\/revisions\/388"}],"wp:attachment":[{"href":"https:\/\/www.murlasits.co.at\/www\/wp-json\/wp\/v2\/media?parent=135"}],"curies":[{"name":"wp","href":"https:\/\/api.w.org\/{rel}","templated":true}]}}