{"id":139,"date":"2025-07-30T14:55:39","date_gmt":"2025-07-30T12:55:39","guid":{"rendered":"https:\/\/www.murlasits.co.at\/www\/?page_id=139"},"modified":"2025-08-12T10:35:53","modified_gmt":"2025-08-12T08:35:53","slug":"schneiderei","status":"publish","type":"page","link":"https:\/\/www.murlasits.co.at\/www\/schneiderei\/","title":{"rendered":"Schneiderei"},"content":{"rendered":"\n<h2>\n\t\t\tDamit&#8217;s perfekt passt!\t<\/h2>\n<h3>\n\t\t\tManche Dinge sollte man einfach dem Profi \u00fcberlassen.  Bei Murlasits finden Sie eine Schneiderei der Meisterklasse.\t<\/h3>\n<h4>\n\t\t\tUnsere Schneidermeister:Innen stehen Ihnen in all unseren Filialen ganzt\u00e4gig zur Verf\u00fcgung!\t<\/h4>\n\t\t\t\t<img decoding=\"async\" src=\"https:\/\/www.murlasits.co.at\/www\/wp-content\/uploads\/2025\/07\/Schneiderei-1.-Bild.png\" alt=\"Schneiderei\" itemprop=\"image\" height=\"495\" width=\"1440\" title=\"Schneiderei 1. Bild\" onerror=\"this.style.display='none'\" loading=\"lazy\" \/>\n\t\t\t\t<img decoding=\"async\" src=\"https:\/\/www.murlasits.co.at\/www\/wp-content\/uploads\/2025\/07\/Schneiderei-2-schnelle-Schneiderei.-Bild.png\" alt=\"Schneiderei schnelle Schneiderei\" itemprop=\"image\" height=\"1920\" width=\"1280\" title=\"Schneiderei 2 schnelle Schneiderei. Bild\" onerror=\"this.style.display='none'\" loading=\"lazy\" \/>\n<h2>\n\t\t\tDie schnelle Schneiderei\t<\/h2>\n<h3>\n\t\t\t&#8222;Nadel, Faden, fertig!&#8220;\t<\/h3>\n<h4>\n\t\t\t\u00c4nderungen &#038; Reparaturen im Handumdrehen\t<\/h4>\n\t\t\t<h3> Hose k\u00fcrzen ab \u20ac 20,-<\/h3>\t\t\n\t\t\t<h3> Hosenzipp neu ab \u20ac 22,50<\/h3>\t\t\n\t\t\t<h3> Rock k\u00fcrzen\/steppen ab \u20ac 20,-<\/h3>\t\t\n\t\t\t<h3> Jackenzipp neu inkl. Zipp ab \u20ac 62,-<\/h3>\t\t\n\t\t\t<h3> Zippreparatur ab \u20ac 25,-<\/h3>\t\t\n\t<p>Alle anderen Preise teilen wir Ihnen gerne auf pers\u00f6nlicher oder telefonischer Anfrage mit!<\/p>\n<h2>\n\t\t\tHaben Sie Fragen?\t<\/h2>\n<h3>\n\t\t\tGerne beraten wir Sie kostenlos &#038; unverbindlich\t<\/h3>\n\t\t\t<a href=\"\/www\/kontakt\/\" target=\"_self\">\n\t\t\t\t\t\tJetzt Anfragen\n\t\t\t\t\t<\/a>\n\n","protected":false},"excerpt":{"rendered":"<p>Damit&#8217;s perfekt passt! Manche Dinge sollte man einfach dem Profi \u00fcberlassen. Bei Murlasits finden Sie eine Schneiderei der Meisterklasse. Unsere Schneidermeister:Innen stehen Ihnen in all unseren Filialen ganzt\u00e4gig zur Verf\u00fcgung! Die schnelle Schneiderei &#8222;Nadel, Faden, fertig!&#8220; \u00c4nderungen &#038; Reparaturen im Handumdrehen Hose k\u00fcrzen ab \u20ac 20,- Hosenzipp neu ab \u20ac 22,50 Rock k\u00fcrzen\/steppen ab \u20ac&hellip;<\/p>\n","protected":false},"author":2,"featured_media":0,"parent":0,"menu_order":0,"comment_status":"closed","ping_status":"closed","template":"","meta":{"footnotes":""},"class_list":["post-139","page","type-page","status-publish","hentry"],"_links":{"self":[{"href":"https:\/\/www.murlasits.co.at\/www\/wp-json\/wp\/v2\/pages\/139","targetHints":{"allow":["GET"]}}],"collection":[{"href":"https:\/\/www.murlasits.co.at\/www\/wp-json\/wp\/v2\/pages"}],"about":[{"href":"https:\/\/www.murlasits.co.at\/www\/wp-json\/wp\/v2\/types\/page"}],"author":[{"embeddable":true,"href":"https:\/\/www.murlasits.co.at\/www\/wp-json\/wp\/v2\/users\/2"}],"replies":[{"embeddable":true,"href":"https:\/\/www.murlasits.co.at\/www\/wp-json\/wp\/v2\/comments?post=139"}],"version-history":[{"count":16,"href":"https:\/\/www.murlasits.co.at\/www\/wp-json\/wp\/v2\/pages\/139\/revisions"}],"predecessor-version":[{"id":398,"href":"https:\/\/www.murlasits.co.at\/www\/wp-json\/wp\/v2\/pages\/139\/revisions\/398"}],"wp:attachment":[{"href":"https:\/\/www.murlasits.co.at\/www\/wp-json\/wp\/v2\/media?parent=139"}],"curies":[{"name":"wp","href":"https:\/\/api.w.org\/{rel}","templated":true}]}}